{"id":348,"date":"2016-08-17T16:20:01","date_gmt":"2016-08-17T16:20:01","guid":{"rendered":"http:\/\/www.arisoftecuador.com\/blog\/?page_id=348"},"modified":"2016-08-17T16:20:01","modified_gmt":"2016-08-17T16:20:01","slug":"test-para-obtener-la-licencia-de-conducir","status":"publish","type":"page","link":"https:\/\/www.arisoftecuador.com\/blog\/test-para-obtener-la-licencia-de-conducir\/","title":{"rendered":"Test para obtener la licencia de conducir"},"content":{"rendered":"<p><img loading=\"lazy\" decoding=\"async\" class=\"alignnone wp-image-106\" src=\"https:\/\/www.arisoftecuador.com\/blog\/wp-content\/uploads\/2013\/05\/shutterstock_12564178-600-x-402.jpg\" alt=\"shutterstock_12564178 (600 x 402)\" width=\"480\" height=\"322\" srcset=\"https:\/\/www.arisoftecuador.com\/blog\/wp-content\/uploads\/2013\/05\/shutterstock_12564178-600-x-402.jpg 600w, https:\/\/www.arisoftecuador.com\/blog\/wp-content\/uploads\/2013\/05\/shutterstock_12564178-600-x-402-300x201.jpg 300w\" sizes=\"(max-width: 480px) 100vw, 480px\" \/><\/p>\n<p>&nbsp;<\/p>\n<p style=\"text-align: justify;\">El otro d\u00ed\u00ada les present\u00e1bamos\u00a0<a title=\"Permanent Link to Aritest Aula, el programa de realizaci\u00f3n de test para las escuelas de conducci\u00f3n\" href=\"https:\/\/www.arisoftecuador.com\/blog\/aritest-aula-el-programa-de-realizacion-de-test-para-las-escuelas-de-conduccion\/\" rel=\"bookmark\">Aritest Aula, el programa ideal para la realizaci\u00f3n de test en las escuelas de conducci\u00f3n<\/a>. Aritest Aula es un software que permite a los alumnos realizar los test <strong>a trav\u00e9s del ordenador<\/strong>, con <strong>control de fallos<\/strong> y un <strong>gestor estad\u00ed\u00adstico<\/strong> que les ayuda a estudiar mejor.<\/p>\n<p style=\"text-align: justify;\">Hoy les dejamos aqu\u00ed\u00ad uno de los test de este programa, para que puedan ver el tipo de preguntas que contiene.<\/p>\n<p style=\"margin: 12px auto 6px auto; font-family: Helvetica,Arial,Sans-serif; font-style: normal; font-variant: normal; font-weight: normal; font-size: 14px; line-height: normal; font-size-adjust: none; font-stretch: normal; -x-system-font: none; display: block;\"><a style=\"text-decoration: underline;\" title=\"View Test Ecuador on Scribd\" href=\"http:\/\/es.scribd.com\/doc\/141834082\/Test-Ecuador\">Test Ecuador<\/a> by <a style=\"text-decoration: underline;\" title=\"View arisoft_'s profile on Scribd\" href=\"http:\/\/es.scribd.com\/arisoft_\">arisoft_<\/a><\/p>\n<p><iframe loading=\"lazy\" id=\"doc_34913\" src=\"http:\/\/www.scribd.com\/embeds\/141834082\/content?start_page=1&amp;view_mode=scroll&amp;access_key=key-1dhrpurt1xoj12t65ov6&amp;show_recommendations=true\" width=\"100%\" height=\"600\" frameborder=\"0\" scrolling=\"no\" data-auto-height=\"false\" data-aspect-ratio=\"0.706896551724138\"><\/iframe><\/p>\n<p>&nbsp;<\/p>\n<p style=\"text-align: justify;\">Las <strong>ventajas<\/strong> de implantar este m\u00e9todo en nuestra escuela de conductores son muchas. <strong>Aritest Aula<\/strong> va a permitir al alumno estudiar de una manera din\u00e1mica y en condiciones id\u00e9nticas a las del <strong>examen te\u00f3rico de conducci\u00f3n<\/strong>. El programa controlar\u00e1 incluso el tiempo del que dispone el alumno para terminar el ejercicio.<\/p>\n<p style=\"text-align: justify;\">El alumno y el profesor podr\u00e1n acceder en todo momento a un <strong>resumen gr\u00e1fico<\/strong> que muestra informaci\u00f3n muy interesante sobre la evoluci\u00f3n del alumno.<\/p>\n<p style=\"text-align: justify;\">El programa permite, adem\u00e1s, crear lo que llamaremos <strong>test de repaso<\/strong>. Estos test son generados por Aritest Aula a partir de las <strong>preguntas que el alumno ha contestado de forma incorrecta<\/strong>, lo que va a permitir al alumno practicar m\u00e1s aquellos aspectos que peor preparados lleva para el examen.<\/p>\n<p style=\"text-align: justify;\">Para m\u00e1s informaci\u00f3n sobre Aritest Aula, pueden escribirnos un correo a<strong> pedidos@arisoft.es<\/strong> o a\u00a0<strong>info@arisoft.es<\/strong>.<\/p>\n<p>&nbsp;<\/p>\n","protected":false},"excerpt":{"rendered":"<p>&nbsp; El otro d\u00ed\u00ada les present\u00e1bamos\u00a0Aritest Aula, el programa ideal para la realizaci\u00f3n de test en las escuelas de conducci\u00f3n. Aritest Aula es un software que permite a los alumnos realizar los test a trav\u00e9s del ordenador, con control de fallos y un gestor estad\u00ed\u00adstico que les ayuda a estudiar mejor. Hoy les dejamos aqu\u00ed\u00ad&hellip; <\/p>\n","protected":false},"author":1,"featured_media":106,"parent":0,"menu_order":0,"comment_status":"closed","ping_status":"closed","template":"","meta":{"jetpack_post_was_ever_published":false,"footnotes":""},"class_list":["post-348","page","type-page","status-publish","has-post-thumbnail","hentry"],"yoast_head":"<!-- This site is optimized with the Yoast SEO plugin v23.5 - https:\/\/yoast.com\/wordpress\/plugins\/seo\/ -->\n<title>Test para obtener la licencia de conducir - AriSoft Ecuador<\/title>\n<meta name=\"robots\" content=\"index, follow, max-snippet:-1, max-image-preview:large, max-video-preview:-1\" \/>\n<link rel=\"canonical\" href=\"https:\/\/www.arisoftecuador.com\/blog\/test-para-obtener-la-licencia-de-conducir\/\" \/>\n<meta property=\"og:locale\" content=\"es_ES\" \/>\n<meta property=\"og:type\" content=\"article\" \/>\n<meta property=\"og:title\" content=\"Test para obtener la licencia de conducir - AriSoft Ecuador\" \/>\n<meta property=\"og:description\" content=\"&nbsp; El otro d\u00ed\u00ada les present\u00e1bamos\u00a0Aritest Aula, el programa ideal para la realizaci\u00f3n de test en las escuelas de conducci\u00f3n. Aritest Aula es un software que permite a los alumnos realizar los test a trav\u00e9s del ordenador, con control de fallos y un gestor estad\u00ed\u00adstico que les ayuda a estudiar mejor. Hoy les dejamos aqu\u00ed\u00ad&hellip;\" \/>\n<meta property=\"og:url\" content=\"https:\/\/www.arisoftecuador.com\/blog\/test-para-obtener-la-licencia-de-conducir\/\" \/>\n<meta property=\"og:site_name\" content=\"AriSoft Ecuador\" \/>\n<meta property=\"og:image\" content=\"https:\/\/www.arisoftecuador.com\/blog\/wp-content\/uploads\/2013\/05\/shutterstock_12564178-600-x-402.jpg\" \/>\n\t<meta property=\"og:image:width\" content=\"600\" \/>\n\t<meta property=\"og:image:height\" content=\"402\" \/>\n\t<meta property=\"og:image:type\" content=\"image\/jpeg\" \/>\n<meta name=\"twitter:card\" content=\"summary_large_image\" \/>\n<meta name=\"twitter:label1\" content=\"Tiempo de lectura\" \/>\n\t<meta name=\"twitter:data1\" content=\"1 minuto\" \/>\n<script type=\"application\/ld+json\" class=\"yoast-schema-graph\">{\"@context\":\"https:\/\/schema.org\",\"@graph\":[{\"@type\":\"WebPage\",\"@id\":\"https:\/\/www.arisoftecuador.com\/blog\/test-para-obtener-la-licencia-de-conducir\/\",\"url\":\"https:\/\/www.arisoftecuador.com\/blog\/test-para-obtener-la-licencia-de-conducir\/\",\"name\":\"Test para obtener la licencia de conducir - AriSoft Ecuador\",\"isPartOf\":{\"@id\":\"https:\/\/www.arisoftecuador.com\/blog\/#website\"},\"primaryImageOfPage\":{\"@id\":\"https:\/\/www.arisoftecuador.com\/blog\/test-para-obtener-la-licencia-de-conducir\/#primaryimage\"},\"image\":{\"@id\":\"https:\/\/www.arisoftecuador.com\/blog\/test-para-obtener-la-licencia-de-conducir\/#primaryimage\"},\"thumbnailUrl\":\"https:\/\/www.arisoftecuador.com\/blog\/wp-content\/uploads\/2013\/05\/shutterstock_12564178-600-x-402.jpg\",\"datePublished\":\"2016-08-17T16:20:01+00:00\",\"dateModified\":\"2016-08-17T16:20:01+00:00\",\"breadcrumb\":{\"@id\":\"https:\/\/www.arisoftecuador.com\/blog\/test-para-obtener-la-licencia-de-conducir\/#breadcrumb\"},\"inLanguage\":\"es\",\"potentialAction\":[{\"@type\":\"ReadAction\",\"target\":[\"https:\/\/www.arisoftecuador.com\/blog\/test-para-obtener-la-licencia-de-conducir\/\"]}]},{\"@type\":\"ImageObject\",\"inLanguage\":\"es\",\"@id\":\"https:\/\/www.arisoftecuador.com\/blog\/test-para-obtener-la-licencia-de-conducir\/#primaryimage\",\"url\":\"https:\/\/www.arisoftecuador.com\/blog\/wp-content\/uploads\/2013\/05\/shutterstock_12564178-600-x-402.jpg\",\"contentUrl\":\"https:\/\/www.arisoftecuador.com\/blog\/wp-content\/uploads\/2013\/05\/shutterstock_12564178-600-x-402.jpg\",\"width\":600,\"height\":402},{\"@type\":\"BreadcrumbList\",\"@id\":\"https:\/\/www.arisoftecuador.com\/blog\/test-para-obtener-la-licencia-de-conducir\/#breadcrumb\",\"itemListElement\":[{\"@type\":\"ListItem\",\"position\":1,\"name\":\"Portada\",\"item\":\"https:\/\/www.arisoftecuador.com\/blog\/\"},{\"@type\":\"ListItem\",\"position\":2,\"name\":\"Test para obtener la licencia de conducir\"}]},{\"@type\":\"WebSite\",\"@id\":\"https:\/\/www.arisoftecuador.com\/blog\/#website\",\"url\":\"https:\/\/www.arisoftecuador.com\/blog\/\",\"name\":\"AriSoft Ecuador\",\"description\":\"Editorial de productos para escuelas de conducci\u00f3n\",\"publisher\":{\"@id\":\"https:\/\/www.arisoftecuador.com\/blog\/#organization\"},\"potentialAction\":[{\"@type\":\"SearchAction\",\"target\":{\"@type\":\"EntryPoint\",\"urlTemplate\":\"https:\/\/www.arisoftecuador.com\/blog\/?s={search_term_string}\"},\"query-input\":{\"@type\":\"PropertyValueSpecification\",\"valueRequired\":true,\"valueName\":\"search_term_string\"}}],\"inLanguage\":\"es\"},{\"@type\":\"Organization\",\"@id\":\"https:\/\/www.arisoftecuador.com\/blog\/#organization\",\"name\":\"AriSoft Ecuador\",\"url\":\"https:\/\/www.arisoftecuador.com\/blog\/\",\"logo\":{\"@type\":\"ImageObject\",\"inLanguage\":\"es\",\"@id\":\"https:\/\/www.arisoftecuador.com\/blog\/#\/schema\/logo\/image\/\",\"url\":\"https:\/\/www.arisoftecuador.com\/blog\/wp-content\/uploads\/arisoft-ecuador-logo-1.png\",\"contentUrl\":\"https:\/\/www.arisoftecuador.com\/blog\/wp-content\/uploads\/arisoft-ecuador-logo-1.png\",\"width\":180,\"height\":180,\"caption\":\"AriSoft Ecuador\"},\"image\":{\"@id\":\"https:\/\/www.arisoftecuador.com\/blog\/#\/schema\/logo\/image\/\"}}]}<\/script>\n<!-- \/ Yoast SEO plugin. -->","yoast_head_json":{"title":"Test para obtener la licencia de conducir - AriSoft Ecuador","robots":{"index":"index","follow":"follow","max-snippet":"max-snippet:-1","max-image-preview":"max-image-preview:large","max-video-preview":"max-video-preview:-1"},"canonical":"https:\/\/www.arisoftecuador.com\/blog\/test-para-obtener-la-licencia-de-conducir\/","og_locale":"es_ES","og_type":"article","og_title":"Test para obtener la licencia de conducir - AriSoft Ecuador","og_description":"&nbsp; El otro d\u00ed\u00ada les present\u00e1bamos\u00a0Aritest Aula, el programa ideal para la realizaci\u00f3n de test en las escuelas de conducci\u00f3n. Aritest Aula es un software que permite a los alumnos realizar los test a trav\u00e9s del ordenador, con control de fallos y un gestor estad\u00ed\u00adstico que les ayuda a estudiar mejor. Hoy les dejamos aqu\u00ed\u00ad&hellip;","og_url":"https:\/\/www.arisoftecuador.com\/blog\/test-para-obtener-la-licencia-de-conducir\/","og_site_name":"AriSoft Ecuador","og_image":[{"width":600,"height":402,"url":"https:\/\/www.arisoftecuador.com\/blog\/wp-content\/uploads\/2013\/05\/shutterstock_12564178-600-x-402.jpg","type":"image\/jpeg"}],"twitter_card":"summary_large_image","twitter_misc":{"Tiempo de lectura":"1 minuto"},"schema":{"@context":"https:\/\/schema.org","@graph":[{"@type":"WebPage","@id":"https:\/\/www.arisoftecuador.com\/blog\/test-para-obtener-la-licencia-de-conducir\/","url":"https:\/\/www.arisoftecuador.com\/blog\/test-para-obtener-la-licencia-de-conducir\/","name":"Test para obtener la licencia de conducir - AriSoft Ecuador","isPartOf":{"@id":"https:\/\/www.arisoftecuador.com\/blog\/#website"},"primaryImageOfPage":{"@id":"https:\/\/www.arisoftecuador.com\/blog\/test-para-obtener-la-licencia-de-conducir\/#primaryimage"},"image":{"@id":"https:\/\/www.arisoftecuador.com\/blog\/test-para-obtener-la-licencia-de-conducir\/#primaryimage"},"thumbnailUrl":"https:\/\/www.arisoftecuador.com\/blog\/wp-content\/uploads\/2013\/05\/shutterstock_12564178-600-x-402.jpg","datePublished":"2016-08-17T16:20:01+00:00","dateModified":"2016-08-17T16:20:01+00:00","breadcrumb":{"@id":"https:\/\/www.arisoftecuador.com\/blog\/test-para-obtener-la-licencia-de-conducir\/#breadcrumb"},"inLanguage":"es","potentialAction":[{"@type":"ReadAction","target":["https:\/\/www.arisoftecuador.com\/blog\/test-para-obtener-la-licencia-de-conducir\/"]}]},{"@type":"ImageObject","inLanguage":"es","@id":"https:\/\/www.arisoftecuador.com\/blog\/test-para-obtener-la-licencia-de-conducir\/#primaryimage","url":"https:\/\/www.arisoftecuador.com\/blog\/wp-content\/uploads\/2013\/05\/shutterstock_12564178-600-x-402.jpg","contentUrl":"https:\/\/www.arisoftecuador.com\/blog\/wp-content\/uploads\/2013\/05\/shutterstock_12564178-600-x-402.jpg","width":600,"height":402},{"@type":"BreadcrumbList","@id":"https:\/\/www.arisoftecuador.com\/blog\/test-para-obtener-la-licencia-de-conducir\/#breadcrumb","itemListElement":[{"@type":"ListItem","position":1,"name":"Portada","item":"https:\/\/www.arisoftecuador.com\/blog\/"},{"@type":"ListItem","position":2,"name":"Test para obtener la licencia de conducir"}]},{"@type":"WebSite","@id":"https:\/\/www.arisoftecuador.com\/blog\/#website","url":"https:\/\/www.arisoftecuador.com\/blog\/","name":"AriSoft Ecuador","description":"Editorial de productos para escuelas de conducci\u00f3n","publisher":{"@id":"https:\/\/www.arisoftecuador.com\/blog\/#organization"},"potentialAction":[{"@type":"SearchAction","target":{"@type":"EntryPoint","urlTemplate":"https:\/\/www.arisoftecuador.com\/blog\/?s={search_term_string}"},"query-input":{"@type":"PropertyValueSpecification","valueRequired":true,"valueName":"search_term_string"}}],"inLanguage":"es"},{"@type":"Organization","@id":"https:\/\/www.arisoftecuador.com\/blog\/#organization","name":"AriSoft Ecuador","url":"https:\/\/www.arisoftecuador.com\/blog\/","logo":{"@type":"ImageObject","inLanguage":"es","@id":"https:\/\/www.arisoftecuador.com\/blog\/#\/schema\/logo\/image\/","url":"https:\/\/www.arisoftecuador.com\/blog\/wp-content\/uploads\/arisoft-ecuador-logo-1.png","contentUrl":"https:\/\/www.arisoftecuador.com\/blog\/wp-content\/uploads\/arisoft-ecuador-logo-1.png","width":180,"height":180,"caption":"AriSoft Ecuador"},"image":{"@id":"https:\/\/www.arisoftecuador.com\/blog\/#\/schema\/logo\/image\/"}}]}},"jetpack_sharing_enabled":true,"jetpack_shortlink":"https:\/\/wp.me\/P3ZQIp-5C","_links":{"self":[{"href":"https:\/\/www.arisoftecuador.com\/blog\/wp-json\/wp\/v2\/pages\/348"}],"collection":[{"href":"https:\/\/www.arisoftecuador.com\/blog\/wp-json\/wp\/v2\/pages"}],"about":[{"href":"https:\/\/www.arisoftecuador.com\/blog\/wp-json\/wp\/v2\/types\/page"}],"author":[{"embeddable":true,"href":"https:\/\/www.arisoftecuador.com\/blog\/wp-json\/wp\/v2\/users\/1"}],"replies":[{"embeddable":true,"href":"https:\/\/www.arisoftecuador.com\/blog\/wp-json\/wp\/v2\/comments?post=348"}],"version-history":[{"count":1,"href":"https:\/\/www.arisoftecuador.com\/blog\/wp-json\/wp\/v2\/pages\/348\/revisions"}],"predecessor-version":[{"id":349,"href":"https:\/\/www.arisoftecuador.com\/blog\/wp-json\/wp\/v2\/pages\/348\/revisions\/349"}],"wp:featuredmedia":[{"embeddable":true,"href":"https:\/\/www.arisoftecuador.com\/blog\/wp-json\/wp\/v2\/media\/106"}],"wp:attachment":[{"href":"https:\/\/www.arisoftecuador.com\/blog\/wp-json\/wp\/v2\/media?parent=348"}],"curies":[{"name":"wp","href":"https:\/\/api.w.org\/{rel}","templated":true}]}}